 by 20?
19
Calculate the remainder when 7995170 is divided by 3621.
2
What is the remainder when 1236084 is divided by 582?
498
Calculate the remainder when 333528 is divided by 166573.
382
What is the remainder when 378519 is divided by 191?
148
What is the remainder when 19848700 is divided by 889?
886
Calculate the remainder when 413657 is divided by 39.
23
Calculate the remainder when 3158350 is divided by 1927.
1924
What is the remainder when 2130687 is divided by 267?
27
What is the remainder when 34253369 is divided by 103?
101
What is the remainder when 508504 is divided by 6780?
4
Calculate the remainder when 712531 is divided by 40.
11
What is the remainder when 38806 is divided by 1837?
229
Calculate the remainder when 223084 is divided by 417.
406
What is the remainder when 8624071 is divided by 1755?
1
Calculate the remainder when 9464 is divided by 7.
0
Calculate the remainder when 5841573 is divided by 2096.
21
Calculate the remainder when 1208047 is divided by 749.
659
Calculate the remainder when 371583 is divided by 1926.
1791
What is the remainder when 27467201 is divided by 526?
7
Calculate the remainder when 5839128 is divided by 173.
32
What is the remainder when 37074 is divided by 12346?
36
What is the remainder when 111578 is divided by 153?
41
Calculate the remainder when 1162032 is divided by 440.
432
What is the remainder when 69734 is divided by 1660?
14
What is the remainder when 656131 is divided by 5403?
2368
What is the remainder when 673227 is divided by 51782?
61
Calculate the remainder when 9301572 is divided by 516753.
18
What is the remainder when 10804 is divided by 10206?
598
Calculate the remainder when 18279477 is divided by 1523286.
45
What is the remainder when 30547946 is divided by 822?
782
What is the remainder when 299357 is divided by 7?
2
Calculate the remainder when 15864 is divided by 1960.
184
What is the remainder when 999251 is divided by 4270?
71
Calculate the remainder when 209492 is divided by 2995.
2837
Calculate the remainder when 42914109 is divided by 198.
183
What is the remainder when 68813782 is divided by 234?
232
What is the remainder when 7293134 is divided by 679?
674
Calculate the remainder when 1944945 is divided by 377.
2
Calculate the remainder when 119183 is divided by 2384.
2367
Calculate the remainder when 133402144 is divided by 16675268.
0
What is the remainder when 787969 is divided by 4916?
1409
Calculate the remainder when 157724 is divided by 52539.
107
Calculate the remainder when 640566 is divided by 159288.
3414
Calculate the remainder when 82500 is divided by 1875.
0
What is the remainder when 243683 is divided by 10151?
59
Calculate the remainder when 82757142 is divided by 88.
6
Calculate the remainder when 3415451 is divided by 3195.
3191
What is the remainder when 3215906 is divided by 3215889?
17
Calculate the remainder when 246531 is divided by 84.
75
Calculate the remainder when 281315 is divided by 281296.
19
Calculate the remainder when 22694804 is divided by 97822.
100
What is the remainder when 3380654 is divided by 1128?
38
Calculate the remainder when 1970168 is divided by 1994.
96
Calculate the remainder when 86763 is divided by 919.
377
Calculate the remainder when 1842760526 is divided by 9331.
9329
Calculate the remainder when 147783 is divided by 147567.
216
What is the remainder when 5916082 is divided by 13?
3
Calculate the remainder when 6574987 is divided by 506.
23
Calculate the remainder when 520470 is divided by 283.
33
Calculate the remainder when 1798920 is divided by 79.
11
Calculate the remainder when 530758 is divided by 351.
46
What is the remainder when 20431160 is divided by 6810385?
5
Calculate the remainder when 3014281 is divided by 118.
89
What is the remainder when 7789915 is divided by 26?
3
What is the remainder when 201014 is divided by 24?
14
What is the remainder when 19284 is divided by 1356?
300
Calculate the remainder when 4409946 is divided by 2234.
30
Calculate the remainder when 22445128 is divided by 5839.
12
What is the remainder when 8976947 is divided by 1450?
1447
Calculate the remainder when 6614990 is divided by 109.
107
Calculate the remainder when 72282 is divided by 14371.
427
Calculate the remainder when 8278949 is divided by 83.
31
What is the remainder when 1441326 is divided by 717044?
7238
What is the remainder when 532161 is divided by 16628?
65
Calculate the remainder when 59781 is divided by 7455.
141
What is the remainder when 498963 is divided by 40989?
7095
Calculate the remainder when 39893997 is divided by 1220.
1217
What is the remainder when 1376849 is divided by 194?
31
Calculate the remainder when 1636487 is divided by 286.
281
What is the remainder when 16226335 is divided by 197882?
11
Calculate the remainder when 161293867 is divided by 1152099.
7
What is the remainder when 9261405 is divided by 4?
1
What is the remainder when 6306078 is divided by 34?
30
What is the remainder when 6686467 is divided by 26?
21
Calculate the remainder when 1173008 is divided by 73274.
624
What is the remainder when 13664240 is divided by 156?
44
Calculate the remainder when 8758556 is divided by 3.
2
Calculate the remainder when 1184774 is divided by 17.
10
What is the remainder when 23476231 is divided by 104?
103
Calculate the remainder when 99634 is divided by 11021.
445
Calculate the remainder when 120195 is divided by 29989.
239
What is the remainder when 1712913 is divided by 2974?
2863
Calculate the remainder when 11925694 is divided by 238513.
44
What is the remainder when 1960305 is divided by 10263?
72
Calculate the remainder when 27305305 is divided by 523.
521
What is the remainder when 1320308 is divided by 40006?
110
What is the remainder when 3231474 is divided by 102?
12
What is the remainder when 3246158 is divided by 9?
2
What is the remainder when 333871 is divided by 23579?
3765
What is the remainder when 12575869 is divided by 304?
301
Calculate the remainder when 581626 is divided by 219.
181
Calculate the remainder when 57925 is divided by 27726.
2473
Calculate the remainder when 8261425 is divided by 565.
560
Calculate the remainder when 1197083 is divided by 398954.
221
What is the remainder when 167938 is divided by 5439?
4768
What is the remainder when 33902446 is divided by 515?
511
What is the remainder when 212519456 is divided by 3073?
3068
What is the remainder when 61665 is divided by 2280?
105
What is the remainder when 24037421 is divided by 12018686?
49
Calculate the remainder when 1523172 is divided by 7.
0
What is the remainder when 176914 is divided by 589?
214
What is the remainder when 198426 is divided by 1695?
111
Calculate the remainder when 133233 is divided by 12052.
661
What is the remainder when 269317 is divided by 88?
37
Calculate the remainder when 2983568 is divided by 920.
8
Calculate the remainder when 7075 is divided by 2567.
1941
What is the remainder when 28423 is divided by 7587?
5662
What is the remainder when 7960108 is divided by 1990025?
8
What is the remainder when 105706 is divided by 286?
172
What is the remainder when 16777939 is divided by 5592637?
28
Calculate the remainder when 6288526 is divided by 587.
582
What is the remainder when 4644243 is divided by 1548071?
30
What is the remainder when 283256 is divided by 31466?
62
What is the remainder when 293692437 is divided by 5?
2
What is the remainder when 267225 is divided by 132445?
2335
Calculate the remainder when 23716 is divided by 364.
56
Calculate the remainder when 2506669 is divided by 16.
13
What is the remainder when 416073 is divided by 207866?
341
Calculate the remainder when 297403 is divided by 833.
22
What is the remainder when 536714 is divided by 385?
24
What is the remainder when 21453711 is divided by 1269?
1266
What is the remainder when 43623354 is divided by 8976?
8970
Calculate the remainder when 7023407 is divided by 4636.
4503
What is the remainder when 561738 is divided by 80199?
345
Calculate the remainder when 800084 is divided by 621.
236
Calculate the remainder when 15726 is divided by 15709.
17
What is the remainder when 22633607 is divided by 2829197?
31
Calculate the remainder when 11146625 is divided by 1592361.
98
What is the remainder when